{"id":386,"date":"2020-08-19T20:53:47","date_gmt":"2020-08-19T20:53:47","guid":{"rendered":"https:\/\/ebioquim.com\/tienda\/?post_type=product&#038;p=386"},"modified":"2020-12-26T20:03:21","modified_gmt":"2020-12-26T20:03:21","slug":"balanza-de-precision-portatil-modelo-highland","status":"publish","type":"product","link":"https:\/\/ebioquim.com\/tienda\/producto\/balanza-de-precision-portatil-modelo-highland\/","title":{"rendered":"Balanza de precisi\u00f3n port\u00e1til modelo Highland"},"content":{"rendered":"<p>Durable y \u00e1gil, la balanza de precisi\u00f3n port\u00e1til Highland\u00ae est\u00e1 llena de caracter\u00edsticas pr\u00e1cticas para el trabajo en laboratorios, uso en el campo, clases y varias aplicaciones industriales. El dise\u00f1o innovador de la Highland la eleva a un nivel de durabilidad y funcionalidad visto anteriormente s\u00f3lo en balanzas mucho m\u00e1s costosas. La protecci\u00f3n interna de sobrecarga ShockProtect\u00ae ayuda a prevenir da\u00f1os causados por sobrecargas.<\/p>\n<p>&nbsp;<\/p>\n<p>Capacidad 2200g x 0.01 gr.<\/p>\n<p>Tama\u00f1o del plato 4.7&#8243; \u00f8 \/ 120mm \u00f8<\/p>\n<p>Caracter\u00edsticas<\/p>\n<ul>\n<li>LCD v\u00edvido retroiluminado f\u00e1cilmente visible en cualquier condici\u00f3n de iluminaci\u00f3n<\/li>\n<li>Retroiluminaci\u00f3n programable se puede ajustar a \u00absiempre prendida\u00bb, \u00absiempre apagada\u00bb o \u00abprenderse al pesar\u00bb<\/li>\n<li>Registrador de capacidad integrado en la pantalla para el control de las sobrecargas<\/li>\n<li>Se pueden apilar para ahorrar espacio cuando no est\u00e1n en uso (solamente con plato de 120mm) \u2022 Teclas de colores facilitan el reconocimiento r\u00e1pido de las teclas m\u00e1s utilizadas<\/li>\n<li>Dos teclas tara facilitan la operaci\u00f3n zurda o diestra<\/li>\n<li>Nivel de aire y patas de nivelaci\u00f3n ajustables permiten una configuraci\u00f3n \u00f3ptima para optimizar los resultados de pesaje<\/li>\n<li>Ranura de seguridad para candado tipo Kensington para prevenir el robo de la unidad<\/li>\n<li>Gran, plato de acero inoxidable tipo 304 permite la limpieza r\u00e1pida<\/li>\n<li>Carcasa s\u00f3lida de pl\u00e1stico ABS resistente para usos industriales<\/li>\n<li>Caracter\u00edstica ShockProtect\u00ae de tres puntos, evita da\u00f1os por sobrecarga a los componentes internos<\/li>\n<li>Gancho para pesar por debajo incluido<\/li>\n<li>Calibraci\u00f3n interna elimina la necesidad de un juego de masas externas<\/li>\n<li>Interfaz USB y RS-232 para comunicaci\u00f3n con computadoras o impresoras<\/li>\n<li>Alarma de sobrecarga ac\u00fastica alerta cuando se ha superado la capacidad<\/li>\n<li>Calibraci\u00f3n externa permite la verificaci\u00f3n y el ajuste con masas<\/li>\n<li>Filtraci\u00f3n digital seleccionable para controlar los efectos de las vibraciones y perturbaciones<\/li>\n<li>Recuneto de piezas con tama\u00f1os de muestra predeterminados<\/li>\n<li>Resultados totales de acumulaci\u00f3n de memoria<\/li>\n<li>Caracter\u00edstica zero-tracking garantiza la lectura en la pantalla vuelva a cero<\/li>\n<li>Adaptador AC incluido<\/li>\n<li>Bater\u00eda recargable incluida para la operaci\u00f3n pr\u00e1cticamente en cualquier lugar<\/li>\n<li>Auto apague programable para ahorrar energ\u00eda<\/li>\n<\/ul>\n<p>&nbsp;<\/p>\n<p>Numero de catalogo ADAHCB2202<\/p>\n<p>&nbsp;<\/p>\n","protected":false},"excerpt":{"rendered":"<p>Durable y \u00e1gil, la balanza de precisi\u00f3n port\u00e1til Highland\u00ae est\u00e1 llena de caracter\u00edsticas pr\u00e1cticas para el trabajo en laboratorios, uso en el campo, clases y varias aplicaciones industriales. El dise\u00f1o innovador de la Highland la eleva a un nivel de durabilidad y funcionalidad visto anteriormente s\u00f3lo en balanzas mucho m\u00e1s costosas. La protecci\u00f3n interna de [&hellip;]<\/p>\n","protected":false},"featured_media":387,"comment_status":"open","ping_status":"closed","template":"","meta":[],"product_brand":[],"product_cat":[32,34],"product_tag":[43],"class_list":{"0":"post-386","1":"product","2":"type-product","3":"status-publish","4":"has-post-thumbnail","6":"product_cat-adam-equipment","7":"product_cat-balanza-de-precision","8":"product_tag-entrega-inmediata","10":"first","11":"instock","12":"shipping-taxable","13":"purchasable","14":"product-type-simple"},"_links":{"self":[{"href":"https:\/\/ebioquim.com\/tienda\/wp-json\/wp\/v2\/product\/386","targetHints":{"allow":["GET"]}}],"collection":[{"href":"https:\/\/ebioquim.com\/tienda\/wp-json\/wp\/v2\/product"}],"about":[{"href":"https:\/\/ebioquim.com\/tienda\/wp-json\/wp\/v2\/types\/product"}],"replies":[{"embeddable":true,"href":"https:\/\/ebioquim.com\/tienda\/wp-json\/wp\/v2\/comments?post=386"}],"wp:featuredmedia":[{"embeddable":true,"href":"https:\/\/ebioquim.com\/tienda\/wp-json\/wp\/v2\/media\/387"}],"wp:attachment":[{"href":"https:\/\/ebioquim.com\/tienda\/wp-json\/wp\/v2\/media?parent=386"}],"wp:term":[{"taxonomy":"product_brand","embeddable":true,"href":"https:\/\/ebioquim.com\/tienda\/wp-json\/wp\/v2\/product_brand?post=386"},{"taxonomy":"product_cat","embeddable":true,"href":"https:\/\/ebioquim.com\/tienda\/wp-json\/wp\/v2\/product_cat?post=386"},{"taxonomy":"product_tag","embeddable":true,"href":"https:\/\/ebioquim.com\/tienda\/wp-json\/wp\/v2\/product_tag?post=386"}],"curies":[{"name":"wp","href":"https:\/\/api.w.org\/{rel}","templated":true}]}}